nvert -12 (base 6) to base 2.
-1000
What is 22 (base 11) in base 13?
1b
What is -9 (base 14) in base 2?
-1001
-26 (base 14) to base 11
-31
What is -4 (base 9) in base 6?
-4
Convert -1 (base 16) to base 10.
-1
Convert b (base 12) to base 6.
15
Convert 29 (base 15) to base 11.
36
Convert -8 (base 9) to base 8.
-10
Convert -1 (base 16) to base 11.
-1
Convert -1010110 (base 2) to base 5.
-321
0 (base 2) to base 3
0
What is 3 (base 15) in base 14?
3
aa (base 14) to base 2
10010110
4 (base 10) to base 11
4
Convert -1 (base 5) to base 8.
-1
Convert -31 (base 4) to base 6.
-21
Convert -1 (base 11) to base 16.
-1
Convert 5 (base 12) to base 10.
5
1 (base 6) to base 7
1
What is b5 (base 16) in base 7?
346
0 (base 13) to base 5
0
What is -528 (base 9) in base 11?
-362
-4 (base 16) to base 2
-100
What is -5 (base 16) in base 8?
-5
Convert 1 (base 12) to base 16.
1
What is 2 (base 15) in base 16?
2
-9 (base 10) to base 4
-21
-5 (base 16) to base 7
-5
What is 11 (base 12) in base 10?
13
24 (base 7) to base 9
20
Convert c (base 13) to base 4.
30
Convert 3110 (base 5) to base 9.
500
24 (base 9) to base 7
31
What is -2 (base 10) in base 6?
-2
What is -2 (base 11) in base 2?
-10
What is -11010 (base 2) in base 7?
-35
What is 14 (base 7) in base 4?
23
What is 1 (base 15) in base 12?
1
45 (base 6) to base 16
1d
What is -2 (base 13) in base 4?
-2
Convert -241 (base 11) to base 2.
-100011111
Convert -8 (base 15) to base 3.
-22
What is -98 (base 10) in base 9?
-118
55 (base 6) to base 16
23
Convert 74 (base 10) to base 7.
134
What is -8 (base 9) in base 16?
-8
What is -2 (base 15) in base 6?
-2
What is -10 (base 9) in base 15?
-9
What is d (base 16) in base 2?
1101
What is 10110001 (base 2) in base 8?
261
8a (base 12) to base 8
152
Convert -b (base 16) to base 2.
-1011
What is -5 (base 11) in base 13?
-5
Convert -8 (base 12) to base 13.
-8
a (base 16) to base 5
20
1 (base 11) to base 12
1
Convert 9 (base 13) to base 14.
9
Convert 7 (base 16) to base 11.
7
What is 77 (base 13) in base 8?
142
What is 3 (base 12) in base 4?
3
87 (base 14) to base 11
a9
Convert 23 (base 16) to base 3.
1022
6b (base 12) to base 2
1010011
-11001101 (base 2) to base 11
-177
10121 (base 3) to base 15
67
What is -123 (base 7) in base 8?
-102
423 (base 5) to base 6
305
What is -2 (base 7) in base 9?
-2
What is -100 (base 5) in base 15?
-1a
-11 (base 4) to base 3
-12
Convert 52 (base 11) to base 8.
71
113 (base 11) to base 5
1020
What is 0 (base 8) in base 13?
0
What is 5b (base 13) in base 8?
114
13 (base 16) to base 9
21
What is 29 (base 15) in base 11?
36
Convert -1 (base 3) to base 7.
-1
Convert 12 (base 3) to base 11.
5
-2 (base 12) to base 15
-2
What is -1000001 (base 2) in base 8?
-101
Convert 22 (base 4) to base 3.
101
-3 (base 7) to base 5
-3
Convert -c (base 16) to base 15.
-c
Convert 110 (base 2) to base 7.
6
What is -2 (base 11) in base 4?
-2
What is -101 (base 3) in base 12?
-a
-3 (base 12) to base 6
-3
What is -21 (base 5) in base 14?
-b
Convert 2 (base 5) to base 10.
2
What is -246 (base 7) in base 12?
-b0
-bb (base 13) to base 16
-9a
10 (base 6) to base 10
6
Convert 21 (base 12) to base 8.
31
Convert 3 (base 10) to base 6.
3
Convert 2 (base 6) to base 11.
2
Convert -4 (base 8) to base 16.
-4
3 (base 5) to base 16
3
What is -2202 (base 3) in base 4?
-1022
50 (base 14) to base 3
2121
What is -17 (base 12) in base 8?
-23
-5 (base 16) to base 14
-5
Convert 21 (base 9) to base 5.
34
What is -31 (base 4) in base 16?
-d
-35 (base 13) to base 15
-2e
Convert -2 (base 5) to base 11.
-2
What is -4 (base 16) in base 3?
-11
What is 13 (base 6) in base 9?
10
Convert -11 (base 5) to base 4.
-12
-16 (base 11) to base 2
-10001
Convert -2 (base 3) to base 7.
-2
Convert 3 (base 11) to base 16.
3
What is -31 (base 6) in base 5?
-34
What is 3 (base 12) in base 14?
3
What is 7 (base 10) in base 5?
12
What is 1101 (base 2) in base 3?
111
Convert 4 (base 9) to base 6.
4
What is 3 (base 4) in base 5?
3
Convert 4 (base 14) to base 9.
4
-1001 (base 2) to base 6
-13
What is -101 (base 2) in base 10?
-5
15 (base 10) to base 13
12
-12 (base 3) to base 2
-101
What is -1 (base 3) in base 5?
-1
Convert -112 (base 6) to base 9.
-48
Convert 6 (base 7) to base 14.
6
22 (base 4) to base 2
1010
4 (base 11) to base 16
4
Convert 27 (base 16) to base 3.
1110
Convert 0 (base 3) to base 7.
0
52 (base 7) to base 13
2b
-10 (base 8) to base 5
-13
-2 (base 14) to base 3
-2
What is -46 (base 11) in base 3?
-1212
Convert -12 (base 10) to base 3.
-110
What is -c3 (base 16) in base 2?
-11000011
What is 55 (base 10) in base 16?
37
-6 (base 14) to base 9
-6
Convert 1 (base 16) to base 6.
1
Convert 3 (base 14) to base 12.
3
What is 340 (base 5) in base 14?
6b
What is 8 (base 13) in base 16?
8
Convert -4 (base 8) to base 15.
-4
What is -3 (base 12) in base 14?
-3
What is 113 (base 4) in base 3?
212
Convert -7 (base 14) to base 2.
-111
Convert 3 (base 12) to base 15.
3
Convert 3 (base 5) to base 9.
3
What is -6 (base 11) in base 2?
-110
What is 110011 (base 2) in base 10?
51
1 (base 5) to base 3
1
-1 (base 7) to base 9
-1
What is -11101 (base 2) in base 16?
-1d
What is -20 (base 8) in base 9?
-17
1 (base 16) to base 12
1
What is 0 (base 5) in base 11?
0
-12 (base 7) to base 11
-9
Convert -21 (base 5) to base 7.
-14
What is -43 (base 10) in base 16?
-2b
What is -103 (base 4) in base 16?
-13
0 (base 16) to base 12
0
-28 (base 13) to base 4
-202
2 (base 13) to base 7
2
What is 0 (base 9) in base 5?
0
Convert -12 (base 4) to base 3.
-20
Convert 233 (base 5) to base 9.
75
0 (base 3) to base 16
0
Convert -41 (base 5) to base 16.
-15
146 (base 9) to base 10
123
What is -1 (base 9) in base 11?
-1
Convert -26 (base 14) to base 3.
-1021
Convert -9 (base 11) to base 12.
-9
Convert 4 (base 12) to base 15.
4
Convert -323 (base 6) to base 12.
-a3
Convert 303 (base 5) to base 2.
1001110
c (base 13) to base 11
11
-2 (base 14) to base 16
-2
What is -31 (base 12) in base 10?
-37
-220 (base 4) to base 7
-55
-115 (base 7) to base 14
-45
What is 95 (base 11) in base 14?
76
What is 14 (base 14) in base 12?
16
Convert 2 (base 6) to base 10.
2
Convert -51 (base 8) to base 2.
-101001
What is 4 (base 5) in base 11?
4
What is 111 (base 2) in base 8?
7
Convert -167 (base 10) to base 6.
-435
What is -2 (base 8) in base 5?
-2
-36 (base 7) to base 2
-11011
66 (base 7) to base 2
110000
What is -105 (base 7) in base 16?
-36
Convert 58 (base 10) to base 5.
213
What is -17 (base 10) in base 15?
-12
Convert 7 (base 11) to base 5.
12
Convert 34 (base 11) to base 14.
29
114 (base 15) to base 14
136
What is -47 (base 9) in base 7?
-61
Convert 3 (base 13) to base 5.
3
Convert 121 (base 7) to base 16.
40
Convert -201 (base 3) to base 10.
-19
Convert 12 (base 14) to base 11.
15
Convert c (base 15) to base 9.
13
What is 22 (base 6) in base 2?
1110
Convert -c7 (base 15) to base 9.
-227
0 (base 15) to base 16
0
Convert -1 (base 2) to base 15.
-1
-21 (base 3) to base 8
-7
What is 7 (base 13) in base 10?
7
What is -6 (base 16) in base 13?
-6
243 (base 7) to base 13
9c
What is -1212 (base 3) in base 6?
-122
Convert -302 (base 9) to base 2.
-11110101
Convert c0 (base 15) to base 12.
130
What is 4 (base 10) in base 11?
4
Convert 21 (base 6) to base 2.
1101
-2 (base 12) to base 7
-2
Convert -4 (base 13) to base 14.
-4
Convert -2010 (base 3) to base 4.
-321
11 (base 16) to base 15
12
What is 2 (base 10) in base 4?
2
Convert 15 (base 13) to base 6.
30
What is -23 (base 10) in base 16?
-17
What is 1 (base 8) in base 7?
1
-1 (base 8) to base 16
-1
What is -3 (base 9) in base 7?
-3
What is -4a (base 16) in base 8?
-112
Convert -1 (base 6) to base 8.
-1
What is 67 (base 16) in base 7?
205
5 (base 12) to base 11
5
Convert 2 (base 10) to base 14.
2
What is b9 (base 13) in base 10?
152
62 (base 10) to base 14
46
What is 4 (base 13) in base 15?
4
What is 101 (base 7) in base 16?
32
Convert 2 (base 14) to base 8.
2
Convert 7 (base 15) to base 4.
13
Convert -41 (base 7) to base 4.
-131
Convert 0 (base 16) to base 11.
0
6 (base 13) to base 12
6
2 (base 10) to base 14
2
16 (base 9) to base 8
17
What is 22 (base 16) in base 7?
46
What is -44 (base 14) in base 11?
-55
Convert -180 (base 11) to base 6.
-545
27 (base 13) to base 10
33
What is -6 (base 7) in base 2?
-110
21 (base 3) to base 15
7
